{"id":1455,"date":"2021-01-12T15:54:56","date_gmt":"2021-01-12T14:54:56","guid":{"rendered":"http:\/\/www-b3.ijs.si\/index.php\/rushmore_teams\/dr-abida-zahirovic\/"},"modified":"2023-04-26T12:39:36","modified_gmt":"2023-04-26T10:39:36","slug":"dr-abida-zahirovic","status":"publish","type":"team","link":"https:\/\/www-b3.ijs.si\/index.php\/rushmore_teams\/dr-abida-zahirovic\/?lang=sl","title":{"rendered":"dr. Abida Zahirovi\u0107"},"content":{"rendered":"\n<p><strong>Raziskovalno podro\u010dje<\/strong>                                                                                                   \u2022 Mle\u010dnokislinske bakterije, kot dostavni sistemi za biolo\u0161ko aktivne proteine in peptide                                                                                                              \u2022 Genski in\u017eeniring mle\u010dnokislinske bakterije Lactococcus lactis                                   \u2022 Uporaba mimotopov \u2013 kratkih peptidnih mimetikov epitopov alergenov v imunoterapiji alergijskih obolenj<\/p>\n\n\n\n<p><strong>Raziskovalne izku\u0161nje in izobrazba<\/strong>                                                                        2019 &#8211; : Asistentka, Odsek za Biotehnologijo, In\u0161titut Jo\u017eef Stefan, Ljubljana, Slovenija                                                                                                                            2015 &#8211; : Doktorska \u0161tudentka, Katedra za farmacevtsko biologijo, Fakulteta za farmacijo, Ljubljana, Slovenija                                                                               2006 &#8211; 2011: Magister farmacije, Fakulteta za farmacijo, Univerza v Tuzli, Bosna in Hercegovina<\/p>\n\n\n\n<p><strong>Nagrade in \u0161tipendije<\/strong>                                                                                                    \u2022 2019: Najodli\u010dnej\u0161i raziskovalni dose\u017eki Univerze v Ljubljani v letu 2019      \u2022 2019: Dekanova nagrada Fakultete za farmacijo Univerze v Ljubljani           \u2022 2018: \u0160tipendija za udele\u017ebo na WISC konferenci, Firence, Italija                            \u2022 2018: \u0160tipendija za EACI kongres in nagrada za najbolj\u0161o predstavitev posterja, M\u00fcnchen, Nem\u010dija                                                                                               \u2022 2018: \u0160tipendija za 43 FEBS kongres, Praga, \u010ce\u0161ka<\/p>\n","protected":false},"featured_media":0,"template":"","team_cat":[24],"_links":{"self":[{"href":"https:\/\/www-b3.ijs.si\/index.php\/wp-json\/wp\/v2\/team\/1455"}],"collection":[{"href":"https:\/\/www-b3.ijs.si\/index.php\/wp-json\/wp\/v2\/team"}],"about":[{"href":"https:\/\/www-b3.ijs.si\/index.php\/wp-json\/wp\/v2\/types\/team"}],"wp:attachment":[{"href":"https:\/\/www-b3.ijs.si\/index.php\/wp-json\/wp\/v2\/media?parent=1455"}],"wp:term":[{"taxonomy":"team_cat","embeddable":true,"href":"https:\/\/www-b3.ijs.si\/index.php\/wp-json\/wp\/v2\/team_cat?post=1455"}],"curies":[{"name":"wp","href":"https:\/\/api.w.org\/{rel}","templated":true}]}}

dr. Abida Zahirović

<p><strong>Raziskovalno področje</strong>                                                                                                   • Mlečnokislinske bakterije, kot dostavni sistemi za biološko aktivne proteine in peptide                                                                                                              • Genski inženiring mlečnokislinske bakterije Lactococcus lactis                                   • Uporaba mimotopov – kratkih peptidnih mimetikov epitopov alergenov v imunoterapiji alergijskih obolenj</p>



<p><strong>Raziskovalne izkušnje in izobrazba</strong>                                                                        2019 &#8211; : Asistentka, Odsek za Biotehnologijo, Inštitut Jožef Stefan, Ljubljana, Slovenija                                                                                                                            2015 &#8211; : Doktorska študentka, Katedra za farmacevtsko biologijo, Fakulteta za farmacijo, Ljubljana, Slovenija                                                                               2006 &#8211; 2011: Magister farmacije, Fakulteta za farmacijo, Univerza v Tuzli, Bosna in Hercegovina</p>



<p><strong>Nagrade in štipendije</strong>                                                                                                    • 2019: Najodličnejši raziskovalni dosežki Univerze v Ljubljani v letu 2019      • 2019: Dekanova nagrada Fakultete za farmacijo Univerze v Ljubljani           • 2018: Štipendija za udeležbo na WISC konferenci, Firence, Italija                            • 2018: Štipendija za EACI kongres in nagrada za najboljšo predstavitev posterja, München, Nemčija                                                                                               • 2018: Štipendija za 43 FEBS kongres, Praga, Češka</p>
